




{"id":31,"date":"2017-10-23T16:46:38","date_gmt":"2017-10-23T14:46:38","guid":{"rendered":"\/portail\/?page_id=18"},"modified":"2023-01-27T14:11:25","modified_gmt":"2023-01-27T13:11:25","slug":"mentions-legales","status":"publish","type":"page","link":"https:\/\/geo.creilsudoise.fr\/index.php\/mentions-legales\/","title":{"rendered":"Mentions l\u00e9gales"},"content":{"rendered":"<h2><strong>\u00c9diteur <\/strong><\/h2>\n<p>Le site G\u00e9oSudOise est \u00e9dit\u00e9 et g\u00e9r\u00e9 par :<\/p>\n<p><strong>Agglom\u00e9ration Creil Sud Oise<\/strong><br \/>\nService Information G\u00e9ographique<br \/>\n24 rue de la Villageoise \u2013 CS 40081 \u2013 60106 Creil cedex<br \/>\n03 44 64 74 74<br \/>\nWeb : <a href=\"https:\/\/www.creilsudoise.fr\/\">www.creilsudoise.fr<\/a><\/p>\n<h2><\/h2>\n<h2><strong>R\u00e9alisation<\/strong><\/h2>\n<p>Le site G\u00e9oSudOise a \u00e9t\u00e9 r\u00e9alis\u00e9 par :<\/p>\n<p><strong>Soci\u00e9t\u00e9 Business Geografic<\/strong><br \/>\n49 avenue Albert Einstein \u2013 69100 Villeurbanne<br \/>\n04 72 69 16 80<br \/>\nWeb : <a href=\"https:\/\/www.business-geografic.com\/fr\/\">www.business-geografic.com<\/a><\/p>\n<h2><\/h2>\n<h2><strong>H\u00e9bergement<\/strong><\/h2>\n<p>Le site G\u00e9oSudOise est h\u00e9berg\u00e9 par :<\/p>\n<p><strong>Agglom\u00e9ration Creil Sud Oise<\/strong><br \/>\nDirection des Syst\u00e8mes d\u2019Information et T\u00e9l\u00e9communications<br \/>\n24 rue de la Villageoise \u2013 CS 40081 \u2013 60106 Creil cedex<br \/>\n03 44 64 74 74<br \/>\nWeb : <a href=\"https:\/\/www.creilsudoise.fr\/\">www.creilsudoise.fr<\/a><\/p>\n<h2><\/h2>\n<h2><strong>Contenu du site<br \/>\n<\/strong><\/h2>\n<p><strong>Avertissement<\/strong><br \/>\nMalgr\u00e9 tout le soin apport\u00e9 par nos \u00e9quipes \u00e9ditoriales et techniques \u00e0 la r\u00e9daction et la mise en ligne des documents, des erreurs typographiques ou des inexactitudes techniques ne peuvent \u00eatre exclues. L\u2019Agglom\u00e9ration Creil Sud Oise (ACSO) se r\u00e9servent le droit de les corriger \u00e0 tout moment d\u00e8s qu\u2019elles sont port\u00e9es \u00e0 sa connaissance. Les informations et les documents contenus sur le site G\u00e9oSudOise sont susceptibles de faire l\u2019objet de mise \u00e0 jour \u00e0 tout moment. Notamment, elles peuvent faire l\u2019objet de mises \u00e0 jour entre le moment de leur t\u00e9l\u00e9chargement par l\u2019internaute et celui o\u00f9 il en prend connaissance.<\/p>\n<p><strong>Liens<\/strong><br \/>\nDes liens vers d\u2019autres sites, publics ou priv\u00e9s peuvent vous \u00eatre propos\u00e9s sur le site G\u00e9oSudOise afin de faciliter l\u2019acc\u00e8s \u00e0 l\u2019information de l\u2019internaute. Ces sites n\u2019engagent pas la responsabilit\u00e9 de l\u2019ACSO quant \u00e0 leur contenu.<\/p>\n<p><strong>Accessibilit\u00e9<\/strong><br \/>\nL\u2019ACSO s\u2019efforcent de permettre que les internautes puissent avoir acc\u00e8s en continu au site G\u00e9oSudOise. N\u00e9anmoins, l\u2019ACSO se r\u00e9servent le droit de ne pouvoir garantir l\u2019accessibilit\u00e9 \u00e0 son site internet et \u00e0 l\u2019ensemble des t\u00e9l\u00e9services propos\u00e9s en cas de force majeure (panne, intention technique de maintenance). Sa responsabilit\u00e9 ne pourrait \u00eatre engag\u00e9e.<\/p>\n<div class=\"field field-name-body field-type-text-with-summary field-label-hidden\">\n<div class=\"field-items\">\n<h2 class=\"field-item even\"><\/h2>\n<\/div>\n<\/div>\n<footer>\n<div class=\"field field-name-field-tags field-type-taxonomy-term-reference field-label-hidden\">\n<div class=\"field-items\">\n<div class=\"field-item even\"><\/div>\n<\/div>\n<\/div>\n<\/footer>\n","protected":false},"excerpt":{"rendered":"<p>\u00c9diteur Le site G\u00e9oSudOise est \u00e9dit\u00e9 et g\u00e9r\u00e9 par : Agglom\u00e9ration Creil Sud Oise Service Information G\u00e9ographique 24 rue de la Villageoise \u2013 CS 40081 \u2013 60106 Creil cedex 03&#8230;<\/p>\n","protected":false},"author":1,"featured_media":0,"parent":0,"menu_order":910,"comment_status":"closed","ping_status":"closed","template":"","meta":{"footnotes":""},"class_list":["post-31","page","type-page","status-publish","hentry"],"_links":{"self":[{"href":"https:\/\/geo.creilsudoise.fr\/index.php\/wp-json\/wp\/v2\/pages\/31","targetHints":{"allow":["GET"]}}],"collection":[{"href":"https:\/\/geo.creilsudoise.fr\/index.php\/wp-json\/wp\/v2\/pages"}],"about":[{"href":"https:\/\/geo.creilsudoise.fr\/index.php\/wp-json\/wp\/v2\/types\/page"}],"author":[{"embeddable":true,"href":"https:\/\/geo.creilsudoise.fr\/index.php\/wp-json\/wp\/v2\/users\/1"}],"replies":[{"embeddable":true,"href":"https:\/\/geo.creilsudoise.fr\/index.php\/wp-json\/wp\/v2\/comments?post=31"}],"version-history":[{"count":7,"href":"https:\/\/geo.creilsudoise.fr\/index.php\/wp-json\/wp\/v2\/pages\/31\/revisions"}],"predecessor-version":[{"id":288,"href":"https:\/\/geo.creilsudoise.fr\/index.php\/wp-json\/wp\/v2\/pages\/31\/revisions\/288"}],"wp:attachment":[{"href":"https:\/\/geo.creilsudoise.fr\/index.php\/wp-json\/wp\/v2\/media?parent=31"}],"curies":[{"name":"wp","href":"https:\/\/api.w.org\/{rel}","templated":true}]}}

Mentions légales

<h2><strong>Éditeur </strong></h2>
<p>Le site GéoSudOise est édité et géré par :</p>
<p><strong>Agglomération Creil Sud Oise</strong><br />
Service Information Géographique<br />
24 rue de la Villageoise – CS 40081 – 60106 Creil cedex<br />
03 44 64 74 74<br />
Web : <a href="https://www.creilsudoise.fr/">www.creilsudoise.fr</a></p>
<h2></h2>
<h2><strong>Réalisation</strong></h2>
<p>Le site GéoSudOise a été réalisé par :</p>
<p><strong>Société Business Geografic</strong><br />
49 avenue Albert Einstein – 69100 Villeurbanne<br />
04 72 69 16 80<br />
Web : <a href="https://www.business-geografic.com/fr/">www.business-geografic.com</a></p>
<h2></h2>
<h2><strong>Hébergement</strong></h2>
<p>Le site GéoSudOise est hébergé par :</p>
<p><strong>Agglomération Creil Sud Oise</strong><br />
Direction des Systèmes d’Information et Télécommunications<br />
24 rue de la Villageoise – CS 40081 – 60106 Creil cedex<br />
03 44 64 74 74<br />
Web : <a href="https://www.creilsudoise.fr/">www.creilsudoise.fr</a></p>
<h2></h2>
<h2><strong>Contenu du site<br />
</strong></h2>
<p><strong>Avertissement</strong><br />
Malgré tout le soin apporté par nos équipes éditoriales et techniques à la rédaction et la mise en ligne des documents, des erreurs typographiques ou des inexactitudes techniques ne peuvent être exclues. L’Agglomération Creil Sud Oise (ACSO) se réservent le droit de les corriger à tout moment dès qu’elles sont portées à sa connaissance. Les informations et les documents contenus sur le site GéoSudOise sont susceptibles de faire l’objet de mise à jour à tout moment. Notamment, elles peuvent faire l’objet de mises à jour entre le moment de leur téléchargement par l’internaute et celui où il en prend connaissance.</p>
<p><strong>Liens</strong><br />
Des liens vers d’autres sites, publics ou privés peuvent vous être proposés sur le site GéoSudOise afin de faciliter l’accès à l’information de l’internaute. Ces sites n’engagent pas la responsabilité de l’ACSO quant à leur contenu.</p>
<p><strong>Accessibilité</strong><br />
L’ACSO s’efforcent de permettre que les internautes puissent avoir accès en continu au site GéoSudOise. Néanmoins, l’ACSO se réservent le droit de ne pouvoir garantir l’accessibilité à son site internet et à l’ensemble des téléservices proposés en cas de force majeure (panne, intention technique de maintenance). Sa responsabilité ne pourrait être engagée.</p>
<div class="field field-name-body field-type-text-with-summary field-label-hidden">
<div class="field-items">
<h2 class="field-item even"></h2>
</div>
</div>
<footer>
<div class="field field-name-field-tags field-type-taxonomy-term-reference field-label-hidden">
<div class="field-items">
<div class="field-item even"></div>
</div>
</div>
</footer>

<p>Éditeur Le site GéoSudOise est édité et géré par : Agglomération Creil Sud Oise Service Information Géographique 24 rue de la Villageoise – CS 40081 – 60106 Creil cedex 03&#8230;</p>
